{"id":5155,"date":"2022-07-03T15:58:00","date_gmt":"2022-07-03T15:58:00","guid":{"rendered":"https:\/\/incm.pt\/site\/?page_id=5155"},"modified":"2026-03-03T15:07:10","modified_gmt":"2026-03-03T15:07:10","slug":"responsabilidade-ambiental","status":"publish","type":"page","link":"https:\/\/incm.pt\/site\/responsabilidade-ambiental\/","title":{"rendered":"Responsabilidade Ambiental"},"content":{"rendered":"<p>[et_pb_section fb_built=&#8221;1&#8243; custom_padding_last_edited=&#8221;on|phone&#8221; _builder_version=&#8221;4.17.4&#8243; _module_preset=&#8221;default&#8221; background_enable_image=&#8221;off&#8221; parallax=&#8221;on&#8221; background_video_mp4=&#8221;https:\/\/incm.pt\/site\/wp-content\/uploads\/2022\/07\/incm-responsabilidade-ambiental-2.mp4&#8243; transform_translate_linked=&#8221;off&#8221; min_height=&#8221;550px&#8221; custom_padding=&#8221;140px||140px||false|false&#8221; custom_padding_tablet=&#8221;&#8221; custom_padding_phone=&#8221;250px||250px||false|false&#8221; box_shadow_style=&#8221;preset3&#8243; locked=&#8221;off&#8221; global_colors_info=&#8221;{}&#8221;][\/et_pb_section][et_pb_section fb_built=&#8221;1&#8243; _builder_version=&#8221;4.17.4&#8243; _module_preset=&#8221;default&#8221; background_color=&#8221;#FFFFFF&#8221; background_enable_image=&#8221;off&#8221; parallax=&#8221;on&#8221; min_height=&#8221;706.3px&#8221; custom_margin=&#8221;||-56px|||&#8221; custom_padding=&#8221;0px|||||&#8221; global_colors_info=&#8221;{}&#8221;][et_pb_row module_id=&#8221;relatorios&#8221; _builder_version=&#8221;4.17.4&#8243; _module_preset=&#8221;default&#8221; width_tablet=&#8221;&#8221; width_phone=&#8221;&#8221; width_last_edited=&#8221;on|desktop&#8221; max_width=&#8221;100%&#8221; max_width_tablet=&#8221;100%&#8221; max_width_phone=&#8221;100%&#8221; max_width_last_edited=&#8221;on|desktop&#8221; global_colors_info=&#8221;{}&#8221;][et_pb_column type=&#8221;4_4&#8243; _builder_version=&#8221;4.16&#8243; _module_preset=&#8221;default&#8221; global_colors_info=&#8221;{}&#8221;][et_pb_text _builder_version=&#8221;4.18.0&#8243; _module_preset=&#8221;default&#8221; header_font=&#8221;Montserrat|700||on|||||&#8221; header_text_color=&#8221;#000000&#8243; header_font_size=&#8221;45px&#8221; header_letter_spacing=&#8221;5px&#8221; width_last_edited=&#8221;off|desktop&#8221; max_width=&#8221;60%&#8221; max_width_tablet=&#8221;100%&#8221; max_width_phone=&#8221;&#8221; max_width_last_edited=&#8221;on|desktop&#8221; custom_padding=&#8221;25px||0px||false|false&#8221; custom_padding_tablet=&#8221;&#8221; custom_padding_phone=&#8221;&#8221; custom_padding_last_edited=&#8221;on|desktop&#8221; animation_style=&#8221;fade&#8221; animation_direction=&#8221;bottom&#8221; header_font_size_tablet=&#8221;35px&#8221; header_font_size_phone=&#8221;25px&#8221; header_font_size_last_edited=&#8221;on|phone&#8221; header_letter_spacing_tablet=&#8221;3px&#8221; header_letter_spacing_phone=&#8221;0px&#8221; header_letter_spacing_last_edited=&#8221;on|desktop&#8221; header_line_height_tablet=&#8221;&#8221; header_line_height_phone=&#8221;1.2em&#8221; header_line_height_last_edited=&#8221;on|tablet&#8221; border_width_bottom=&#8221;5px&#8221; border_color_bottom=&#8221;#b5a216&#8243; global_colors_info=&#8221;{}&#8221;]<\/p>\n<h1>Responsabilidade Ambiental<\/h1>\n<p>[\/et_pb_text][et_pb_text _builder_version=&#8221;4.19.5&#8243; _module_preset=&#8221;default&#8221; text_font=&#8221;Merriweather||||||||&#8221; text_text_color=&#8221;#af9828&#8243; text_font_size=&#8221;22px&#8221; text_letter_spacing=&#8221;3px&#8221; text_line_height=&#8221;1.5em&#8221; header_font_size=&#8221;32px&#8221; header_line_height=&#8221;1.4em&#8221; header_2_font_size=&#8221;32px&#8221; header_2_line_height=&#8221;1.4em&#8221; animation_style=&#8221;fade&#8221; text_font_size_tablet=&#8221;&#8221; text_font_size_phone=&#8221;&#8221; text_font_size_last_edited=&#8221;on|desktop&#8221; text_line_height_tablet=&#8221;&#8221; text_line_height_phone=&#8221;&#8221; text_line_height_last_edited=&#8221;on|desktop&#8221; header_font_size_tablet=&#8221;25px&#8221; header_font_size_phone=&#8221;20px&#8221; header_font_size_last_edited=&#8221;on|phone&#8221; header_line_height_tablet=&#8221;1.3em&#8221; header_line_height_phone=&#8221;1.2em&#8221; header_line_height_last_edited=&#8221;on|phone&#8221; header_2_font_size_tablet=&#8221;25px&#8221; header_2_font_size_phone=&#8221;20px&#8221; header_2_font_size_last_edited=&#8221;on|desktop&#8221; header_2_line_height_tablet=&#8221;1.3em&#8221; header_2_line_height_phone=&#8221;1.2em&#8221; header_2_line_height_last_edited=&#8221;on|desktop&#8221; locked=&#8221;off&#8221; global_colors_info=&#8221;{}&#8221;]<\/p>\n<h2><strong>A PROTE\u00c7\u00c3O DO AMBIENTE \u00c9 UMA PRIORIDADE.<br \/>\nO QUE FAZEMOS HOJE \u00c9 UM LEGADO PARA AS FUTURAS GERA\u00c7\u00d5ES.<\/strong><\/h2>\n<p>[\/et_pb_text][et_pb_text _builder_version=&#8221;4.18.0&#8243; _module_preset=&#8221;default&#8221; text_font=&#8221;Merriweather||||||||&#8221; text_text_color=&#8221;#333333&#8243; text_font_size=&#8221;22px&#8221; text_line_height=&#8221;1.5em&#8221; link_font=&#8221;|700|||||||&#8221; link_text_color=&#8221;#c2aa33&#8243; ul_line_height=&#8221;1.7em&#8221; animation_style=&#8221;fade&#8221; text_font_size_tablet=&#8221;20px&#8221; text_font_size_phone=&#8221;18px&#8221; text_font_size_last_edited=&#8221;on|tablet&#8221; text_line_height_tablet=&#8221;&#8221; text_line_height_phone=&#8221;&#8221; text_line_height_last_edited=&#8221;on|desktop&#8221; ul_line_height_tablet=&#8221;1.7em&#8221; ul_line_height_phone=&#8221;1.7em&#8221; ul_line_height_last_edited=&#8221;on|desktop&#8221; locked=&#8221;off&#8221; global_colors_info=&#8221;{}&#8221;]<\/p>\n<p>Os recursos naturais devem ser conservados e geridos de forma sustent\u00e1vel, em especial os que n\u00e3o s\u00e3o renov\u00e1veis ou s\u00e3o essenciais \u00e0 vida. Para tal, devem ser implementadas a\u00e7\u00f5es para minimizar os impactos negativos no ar, na \u00e1gua e no solo, preservar a biodiversidade, proteger e melhorar a qualidade do ambiente e promover a produ\u00e7\u00e3o e o consumo respons\u00e1veis. A prote\u00e7\u00e3o do ambiente \u00e9 um dever de todos para todos.<\/p>\n<p>Esta vis\u00e3o e responsabilidade ambiental \u00e9 talvez hoje mais relevante que nunca, num contexto em que o planeta e a humanidade s\u00e3o confrontados com a insustentabilidade do seu modelo de crescimento socioecon\u00f3mico e com a necessidade de uma mudan\u00e7a de comportamento, como demonstram os Objetivos de Desenvolvimento Sustent\u00e1vel (ODS) das Na\u00e7\u00f5es Unidas (ONU).<\/p>\n<p>Para a INCM, a responsabilidade ambiental \u00e9 um compromisso transversal a todas as suas \u00e1reas de atividade e que inclui a preven\u00e7\u00e3o da polui\u00e7\u00e3o e a prote\u00e7\u00e3o dos recursos, garantindo o cumprimento de todas as obriga\u00e7\u00f5es de conformidade e demais requisitos legais, a melhoria cont\u00ednua e o alinhamento das orienta\u00e7\u00f5es estrat\u00e9gicas da empresa com os ODS da ONU e respetivas metas.<\/p>\n<p><strong>Economia Circular<\/strong><\/p>\n<p>Na INCM, acreditamos que a transi\u00e7\u00e3o para uma economia circular \u00e9 essencial para garantir um futuro mais sustent\u00e1vel, resiliente e seguro, onde o valor dos recursos \u00e9 preservado e o desperd\u00edcio \u00e9 minimizado. Este compromisso traduz-se na integra\u00e7\u00e3o de princ\u00edpios circulares em toda a nossa cadeia de valor, promovendo a utiliza\u00e7\u00e3o respons\u00e1vel de mat\u00e9rias-primas, a valoriza\u00e7\u00e3o de res\u00edduos e o desenvolvimento de solu\u00e7\u00f5es inovadoras que n\u00e3o s\u00f3 prolongam o ciclo de vida dos materiais como reduzem o impacto ambiental das nossas opera\u00e7\u00f5es.<\/p>\n<p>Ao longo dos \u00faltimos anos, a INCM tem refor\u00e7ado a ado\u00e7\u00e3o de pr\u00e1ticas que impulsionam a transi\u00e7\u00e3o do modelo linear de produ\u00e7\u00e3o para um modelo regenerativo e eficiente, alinhado \u00e0\u00a0hierarquia dos res\u00edduos. Esta abordagem inclui a incorpora\u00e7\u00e3o de materiais reciclados nos produtos, a implementa\u00e7\u00e3o de processos que priorizam a reutiliza\u00e7\u00e3o e a reciclagem, e o desenvolvimento de projetos inovadores, que visam n\u00e3o s\u00f3 a transforma\u00e7\u00e3o de res\u00edduos em novos recursos como promovem a log\u00edstica circular.<\/p>\n<p><strong>Altera\u00e7\u00f5es Clim\u00e1ticas<\/strong><\/p>\n<p>Na INCM, reconhecemos que as altera\u00e7\u00f5es clim\u00e1ticas s\u00e3o um dos maiores desafios do nosso tempo e exigem uma resposta coletiva. Comprometidos com a sustentabilidade, assumimos a responsabilidade de reduzir o impacto clim\u00e1tico das nossas atividades e de contribuir para um futuro mais respons\u00e1vel e resiliente.<\/p>\n<p>Alinhamos a nossa atua\u00e7\u00e3o com os objetivos do Acordo de Paris e com as metas da Uni\u00e3o Europeia, integrando a perspetiva clim\u00e1tica no planeamento estrat\u00e9gico e na gest\u00e3o das opera\u00e7\u00f5es. Trabalhamos para reduzir a pegada de carbono, aumentar a efici\u00eancia energ\u00e9tica e acelerar a transi\u00e7\u00e3o para fontes de energia renov\u00e1vel, promovendo uma opera\u00e7\u00e3o mais eficiente e de baixo carbono.<\/p>\n<p>Ao longo dos \u00faltimos anos, temos refor\u00e7ado a ado\u00e7\u00e3o de medidas de mitiga\u00e7\u00e3o das altera\u00e7\u00f5es clim\u00e1ticas. Este compromisso traduz-se em a\u00e7\u00f5es concretas, como a eletrifica\u00e7\u00e3o progressiva da frota, a redu\u00e7\u00e3o do consumo de energia e de combust\u00edveis f\u00f3sseis, a implementa\u00e7\u00e3o de tecnologias mais eficientes e a otimiza\u00e7\u00e3o de recursos.<\/p>\n<p>A an\u00e1lise da pegada de carbono permite-nos identificar os principais focos de emiss\u00e3o, definir metas de redu\u00e7\u00e3o mais rigorosas e implementar solu\u00e7\u00f5es que apoiam a descarboniza\u00e7\u00e3o.<\/p>\n<p>Procuramos alinhar-nos com as expectativas das nossas partes interessadas e assumimos o compromisso de promover solu\u00e7\u00f5es que contribuam para a transi\u00e7\u00e3o para uma economia de baixo carbono.<\/p>\n<p>[\/et_pb_text][et_pb_text _builder_version=&#8221;4.27.4&#8243; _module_preset=&#8221;default&#8221; text_font=&#8221;Poppins||||||||&#8221; text_text_color=&#8221;#FFFFFF&#8221; text_font_size=&#8221;22px&#8221; text_letter_spacing=&#8221;2px&#8221; header_text_align=&#8221;left&#8221; background_color=&#8221;#000000&#8243; text_orientation=&#8221;right&#8221; width=&#8221;85%&#8221; width_tablet=&#8221;100%&#8221; width_phone=&#8221;100%&#8221; width_last_edited=&#8221;on|tablet&#8221; module_alignment=&#8221;center&#8221; custom_margin=&#8221;||||false|false&#8221; custom_margin_last_edited=&#8221;off|desktop&#8221; custom_padding=&#8221;15px|25px|15px|25px|false|false&#8221; custom_padding_tablet=&#8221;&#8221; custom_padding_phone=&#8221;&#8221; custom_padding_last_edited=&#8221;on|desktop&#8221; animation_style=&#8221;fade&#8221; link_option_url=&#8221;https:\/\/incm.pt\/site\/wp-content\/uploads\/2025\/09\/Relatorio_Ambiental_2024.pdf&#8221; link_option_url_new_window=&#8221;on&#8221; text_font_size_tablet=&#8221;&#8221; text_font_size_phone=&#8221;&#8221; text_font_size_last_edited=&#8221;on|desktop&#8221; text_letter_spacing_tablet=&#8221;&#8221; text_letter_spacing_phone=&#8221;&#8221; text_letter_spacing_last_edited=&#8221;on|desktop&#8221; locked=&#8221;off&#8221; global_colors_info=&#8221;{}&#8221;]<\/p>\n<p style=\"text-align: center;\"><span style=\"color: #b5a216; font-weight: bold;\">+<\/span> Relat\u00f3rio Ambiental 2024<\/p>\n<p>[\/et_pb_text][et_pb_text _builder_version=&#8221;4.26.0&#8243; _module_preset=&#8221;default&#8221; text_font=&#8221;Poppins||||||||&#8221; text_text_color=&#8221;#FFFFFF&#8221; text_font_size=&#8221;22px&#8221; text_letter_spacing=&#8221;2px&#8221; header_text_align=&#8221;left&#8221; background_color=&#8221;#000000&#8243; text_orientation=&#8221;right&#8221; width=&#8221;85%&#8221; width_tablet=&#8221;100%&#8221; width_phone=&#8221;100%&#8221; width_last_edited=&#8221;on|tablet&#8221; module_alignment=&#8221;center&#8221; custom_margin=&#8221;||||false|false&#8221; custom_margin_last_edited=&#8221;off|desktop&#8221; custom_padding=&#8221;15px|25px|15px|25px|false|false&#8221; custom_padding_tablet=&#8221;&#8221; custom_padding_phone=&#8221;&#8221; custom_padding_last_edited=&#8221;on|desktop&#8221; animation_style=&#8221;fade&#8221; link_option_url=&#8221;https:\/\/incm.pt\/site\/wp-content\/uploads\/2024\/07\/Relatorio_Ambiental_2023.pdf&#8221; link_option_url_new_window=&#8221;on&#8221; text_font_size_tablet=&#8221;&#8221; text_font_size_phone=&#8221;&#8221; text_font_size_last_edited=&#8221;on|desktop&#8221; text_letter_spacing_tablet=&#8221;&#8221; text_letter_spacing_phone=&#8221;&#8221; text_letter_spacing_last_edited=&#8221;on|desktop&#8221; locked=&#8221;off&#8221; global_colors_info=&#8221;{}&#8221;]<\/p>\n<p style=\"text-align: center;\"><span style=\"color: #b5a216; font-weight: bold;\">+<\/span> Relat\u00f3rio Ambiental 2023<\/p>\n<p>[\/et_pb_text][et_pb_text _builder_version=&#8221;4.19.5&#8243; _module_preset=&#8221;default&#8221; text_font=&#8221;Poppins||||||||&#8221; text_text_color=&#8221;#FFFFFF&#8221; text_font_size=&#8221;22px&#8221; text_letter_spacing=&#8221;2px&#8221; header_text_align=&#8221;left&#8221; background_color=&#8221;#000000&#8243; text_orientation=&#8221;right&#8221; width=&#8221;85%&#8221; width_tablet=&#8221;100%&#8221; width_phone=&#8221;100%&#8221; width_last_edited=&#8221;on|tablet&#8221; module_alignment=&#8221;center&#8221; custom_margin=&#8221;||||false|false&#8221; custom_margin_last_edited=&#8221;off|desktop&#8221; custom_padding=&#8221;15px|25px|15px|25px|false|false&#8221; custom_padding_tablet=&#8221;&#8221; custom_padding_phone=&#8221;&#8221; custom_padding_last_edited=&#8221;on|desktop&#8221; animation_style=&#8221;fade&#8221; link_option_url=&#8221;https:\/\/incm.pt\/site\/wp-content\/uploads\/2023\/04\/Relatorio_Ambiental_2022.pdf&#8221; link_option_url_new_window=&#8221;on&#8221; text_font_size_tablet=&#8221;&#8221; text_font_size_phone=&#8221;&#8221; text_font_size_last_edited=&#8221;on|desktop&#8221; text_letter_spacing_tablet=&#8221;&#8221; text_letter_spacing_phone=&#8221;&#8221; text_letter_spacing_last_edited=&#8221;on|desktop&#8221; locked=&#8221;off&#8221; global_colors_info=&#8221;{}&#8221;]<\/p>\n<p style=\"text-align: center;\"><span style=\"color: #b5a216; font-weight: bold;\">+<\/span> Relat\u00f3rio Ambiental 2022<\/p>\n<p>[\/et_pb_text][et_pb_text _builder_version=&#8221;4.27.5&#8243; _module_preset=&#8221;default&#8221; text_font=&#8221;Poppins||||||||&#8221; text_text_color=&#8221;#FFFFFF&#8221; text_font_size=&#8221;22px&#8221; text_letter_spacing=&#8221;2px&#8221; background_color=&#8221;#000000&#8243; text_orientation=&#8221;right&#8221; width=&#8221;85%&#8221; width_tablet=&#8221;100%&#8221; width_phone=&#8221;100%&#8221; width_last_edited=&#8221;on|tablet&#8221; module_alignment=&#8221;center&#8221; custom_margin_last_edited=&#8221;off|desktop&#8221; custom_padding=&#8221;15px|25px|15px|25px|false|false&#8221; custom_padding_tablet=&#8221;&#8221; custom_padding_phone=&#8221;&#8221; custom_padding_last_edited=&#8221;on|desktop&#8221; animation_style=&#8221;fade&#8221; link_option_url=&#8221;https:\/\/incm.pt\/site\/wp-content\/uploads\/2025\/04\/Boas_Praticas_Ambientais.pdf&#8221; link_option_url_new_window=&#8221;on&#8221; text_font_size_tablet=&#8221;&#8221; text_font_size_phone=&#8221;&#8221; text_font_size_last_edited=&#8221;on|desktop&#8221; text_letter_spacing_tablet=&#8221;&#8221; text_letter_spacing_phone=&#8221;&#8221; text_letter_spacing_last_edited=&#8221;on|desktop&#8221; locked=&#8221;off&#8221; global_colors_info=&#8221;{}&#8221;]<\/p>\n<p style=\"text-align: center;\"><span style=\"color: #b5a216; font-weight: bold;\">+<\/span> <span>Boas Pr\u00e1ticas Ambientais<\/span><\/p>\n<p>[\/et_pb_text][et_pb_text _builder_version=&#8221;4.27.6&#8243; _module_preset=&#8221;default&#8221; text_font=&#8221;Poppins||||||||&#8221; text_text_color=&#8221;#FFFFFF&#8221; text_font_size=&#8221;22px&#8221; text_letter_spacing=&#8221;2px&#8221; background_color=&#8221;#000000&#8243; text_orientation=&#8221;right&#8221; width=&#8221;85%&#8221; width_tablet=&#8221;100%&#8221; width_phone=&#8221;100%&#8221; width_last_edited=&#8221;on|tablet&#8221; module_alignment=&#8221;center&#8221; custom_margin_last_edited=&#8221;off|desktop&#8221; custom_padding=&#8221;15px|25px|15px|25px|false|false&#8221; custom_padding_tablet=&#8221;&#8221; custom_padding_phone=&#8221;&#8221; custom_padding_last_edited=&#8221;on|desktop&#8221; animation_style=&#8221;fade&#8221; link_option_url=&#8221;https:\/\/incm.pt\/site\/wp-content\/uploads\/2026\/03\/Boas-Praticas-Economia-Circular.pdf&#8221; link_option_url_new_window=&#8221;on&#8221; hover_enabled=&#8221;0&#8243; text_font_size_tablet=&#8221;&#8221; text_font_size_phone=&#8221;&#8221; text_font_size_last_edited=&#8221;on|desktop&#8221; text_letter_spacing_tablet=&#8221;&#8221; text_letter_spacing_phone=&#8221;&#8221; text_letter_spacing_last_edited=&#8221;on|desktop&#8221; locked=&#8221;off&#8221; global_colors_info=&#8221;{}&#8221; sticky_enabled=&#8221;0&#8243;]<\/p>\n<p style=\"text-align: center;\"><span style=\"color: #b5a216; font-weight: bold;\">+<\/span> <span>Boas Pr\u00e1ticas Economia Circular<\/span><\/p>\n<p>[\/et_pb_text][\/et_pb_column][\/et_pb_row][\/et_pb_section]<\/p>\n","protected":false},"excerpt":{"rendered":"<p>Responsabilidade AmbientalA PROTE\u00c7\u00c3O DO AMBIENTE \u00c9 UMA PRIORIDADE. O QUE FAZEMOS HOJE \u00c9 UM LEGADO PARA AS FUTURAS GERA\u00c7\u00d5ES.Os recursos naturais devem ser conservados e geridos de forma sustent\u00e1vel, em especial os que n\u00e3o s\u00e3o renov\u00e1veis ou s\u00e3o essenciais \u00e0 vida. Para tal, devem ser implementadas a\u00e7\u00f5es para minimizar os impactos negativos no ar, na [&hellip;]<\/p>\n","protected":false},"author":1,"featured_media":3487,"parent":0,"menu_order":0,"comment_status":"closed","ping_status":"closed","template":"","meta":{"_acf_changed":false,"_et_pb_use_builder":"on","_et_pb_old_content":"","_et_gb_content_width":"","footnotes":""},"class_list":["post-5155","page","type-page","status-publish","has-post-thumbnail","hentry"],"acf":[],"_links":{"self":[{"href":"https:\/\/incm.pt\/site\/wp-json\/wp\/v2\/pages\/5155","targetHints":{"allow":["GET"]}}],"collection":[{"href":"https:\/\/incm.pt\/site\/wp-json\/wp\/v2\/pages"}],"about":[{"href":"https:\/\/incm.pt\/site\/wp-json\/wp\/v2\/types\/page"}],"author":[{"embeddable":true,"href":"https:\/\/incm.pt\/site\/wp-json\/wp\/v2\/users\/1"}],"replies":[{"embeddable":true,"href":"https:\/\/incm.pt\/site\/wp-json\/wp\/v2\/comments?post=5155"}],"version-history":[{"count":11,"href":"https:\/\/incm.pt\/site\/wp-json\/wp\/v2\/pages\/5155\/revisions"}],"predecessor-version":[{"id":98063,"href":"https:\/\/incm.pt\/site\/wp-json\/wp\/v2\/pages\/5155\/revisions\/98063"}],"wp:featuredmedia":[{"embeddable":true,"href":"https:\/\/incm.pt\/site\/wp-json\/wp\/v2\/media\/3487"}],"wp:attachment":[{"href":"https:\/\/incm.pt\/site\/wp-json\/wp\/v2\/media?parent=5155"}],"curies":[{"name":"wp","href":"https:\/\/api.w.org\/{rel}","templated":true}]}}