{"id":15138,"date":"2022-04-01T12:00:58","date_gmt":"2022-04-01T12:00:58","guid":{"rendered":"https:\/\/incm.pt\/site\/mensaje-de-la-junta-directiva\/"},"modified":"2025-12-04T14:09:05","modified_gmt":"2025-12-04T14:09:05","slug":"mensaje-de-la-junta-directiva","status":"publish","type":"page","link":"https:\/\/incm.pt\/site\/es\/mensaje-de-la-junta-directiva\/","title":{"rendered":"Mensaje de la Junta Directiva"},"content":{"rendered":"<p>[et_pb_section fb_built=&#8221;1&#8243; custom_padding_last_edited=&#8221;on|phone&#8221; _builder_version=&#8221;4.19.0&#8243; _module_preset=&#8221;default&#8221; background_image=&#8221;https:\/\/incm.pt\/site\/wp-content\/uploads\/2022\/06\/Mensagem-do-Conselho-de-Administracao.png&#8221; background_position=&#8221;bottom_center&#8221; background_enable_video_mp4=&#8221;off&#8221; min_height=&#8221;550px&#8221; custom_padding=&#8221;140px||140px||false|false&#8221; custom_padding_tablet=&#8221;&#8221; custom_padding_phone=&#8221;250px||250px||false|false&#8221; box_shadow_style=&#8221;preset3&#8243; global_colors_info=&#8221;{}&#8221;][\/et_pb_section][et_pb_section fb_built=&#8221;1&#8243; _builder_version=&#8221;4.16&#8243; _module_preset=&#8221;default&#8221; custom_padding=&#8221;0px||0px|||&#8221; global_colors_info=&#8221;{}&#8221;][et_pb_row _builder_version=&#8221;4.16&#8243; _module_preset=&#8221;default&#8221; width_tablet=&#8221;&#8221; width_phone=&#8221;&#8221; width_last_edited=&#8221;on|desktop&#8221; max_width=&#8221;100%&#8221; max_width_tablet=&#8221;&#8221; max_width_phone=&#8221;&#8221; max_width_last_edited=&#8221;on|desktop&#8221; global_colors_info=&#8221;{}&#8221;][et_pb_column type=&#8221;4_4&#8243; _builder_version=&#8221;4.16&#8243; _module_preset=&#8221;default&#8221; global_colors_info=&#8221;{}&#8221;][et_pb_code module_class=&#8221;breadcrumb&#8221; _builder_version=&#8221;4.17.4&#8243; _module_preset=&#8221;default&#8221; custom_margin=&#8221;||0px||false|false&#8221; custom_margin_tablet=&#8221;||0px||false|false&#8221; custom_margin_phone=&#8221;||0px||false|false&#8221; custom_margin_last_edited=&#8221;on|desktop&#8221; custom_padding=&#8221;|0px|0px|0px|false|false&#8221; custom_padding_tablet=&#8221;|0px||0px|false|false&#8221; custom_padding_phone=&#8221;|0px||0px|false|false&#8221; custom_padding_last_edited=&#8221;on|phone&#8221; global_colors_info=&#8221;{}&#8221;][\/et_pb_code][et_pb_text _builder_version=&#8221;4.19.0&#8243; _module_preset=&#8221;default&#8221; header_font=&#8221;Montserrat|700|||||||&#8221; header_text_color=&#8221;#333333&#8243; header_font_size=&#8221;45px&#8221; header_letter_spacing=&#8221;5px&#8221; width_last_edited=&#8221;off|desktop&#8221; max_width=&#8221;99.4%&#8221; max_width_tablet=&#8221;&#8221; max_width_phone=&#8221;&#8221; max_width_last_edited=&#8221;on|desktop&#8221; custom_padding=&#8221;25px||5px||false|false&#8221; custom_padding_tablet=&#8221;&#8221; custom_padding_phone=&#8221;&#8221; custom_padding_last_edited=&#8221;on|desktop&#8221; animation_style=&#8221;flip&#8221; animation_direction=&#8221;bottom&#8221; header_font_size_tablet=&#8221;35px&#8221; header_font_size_phone=&#8221;25px&#8221; header_font_size_last_edited=&#8221;on|phone&#8221; header_letter_spacing_tablet=&#8221;3px&#8221; header_letter_spacing_phone=&#8221;0px&#8221; header_letter_spacing_last_edited=&#8221;on|desktop&#8221; header_line_height_tablet=&#8221;&#8221; header_line_height_phone=&#8221;1.2em&#8221; header_line_height_last_edited=&#8221;on|desktop&#8221; border_width_bottom=&#8221;5px&#8221; border_color_bottom=&#8221;#b5a216&#8243; global_colors_info=&#8221;{}&#8221;]<\/p>\n<h1>MENSAJE DE LA JUNTA DIRECTIVA<\/h1>\n<p>[\/et_pb_text][\/et_pb_column][\/et_pb_row][\/et_pb_section][et_pb_section fb_built=&#8221;1&#8243; _builder_version=&#8221;4.16&#8243; _module_preset=&#8221;default&#8221; custom_padding=&#8221;0px|||||&#8221; global_colors_info=&#8221;{}&#8221;][et_pb_row _builder_version=&#8221;4.16&#8243; _module_preset=&#8221;default&#8221; width_tablet=&#8221;&#8221; width_phone=&#8221;&#8221; width_last_edited=&#8221;on|desktop&#8221; max_width=&#8221;100%&#8221; max_width_tablet=&#8221;&#8221; max_width_phone=&#8221;&#8221; max_width_last_edited=&#8221;on|desktop&#8221; global_colors_info=&#8221;{}&#8221;][et_pb_column type=&#8221;4_4&#8243; _builder_version=&#8221;4.16&#8243; _module_preset=&#8221;default&#8221; global_colors_info=&#8221;{}&#8221;][et_pb_text _builder_version=&#8221;4.19.0&#8243; _module_preset=&#8221;default&#8221; text_font=&#8221;Merriweather||||||||&#8221; text_text_color=&#8221;#333333&#8243; text_font_size=&#8221;22px&#8221; text_line_height=&#8221;1.5em&#8221; link_font=&#8221;|700|||||||&#8221; link_text_color=&#8221;#c2aa33&#8243; ul_line_height=&#8221;1.7em&#8221; animation_style=&#8221;fade&#8221; text_font_size_tablet=&#8221;20px&#8221; text_font_size_phone=&#8221;18px&#8221; text_font_size_last_edited=&#8221;on|tablet&#8221; text_line_height_tablet=&#8221;&#8221; text_line_height_phone=&#8221;&#8221; text_line_height_last_edited=&#8221;on|desktop&#8221; ul_line_height_tablet=&#8221;1.7em&#8221; ul_line_height_phone=&#8221;1.7em&#8221; ul_line_height_last_edited=&#8221;on|desktop&#8221; locked=&#8221;off&#8221; global_colors_info=&#8221;{}&#8221;]<\/p>\n<p><strong>La Imprensa Nacional-Casa da Moeda (INCM) tiene una longevidad e historia sin igual a nivel nacional, una proeza solo al alcance de empresas que tienen una gran capacidad de adaptaci\u00f3n a los constantes desaf\u00edos y transformaciones que se dan en el Pa\u00eds y en el mundo, ajustando permanentemente su estrategia y posicionamiento para responder r\u00e1pida y eficazmente a las necesidades de sus clientes y socios. <\/strong><\/p>\n<p>El marco estrat\u00e9gico del INCM se basa en siete lineamientos que reafirman el posicionamiento de la empresa en el mercado: foco en el cliente, innovaci\u00f3n, internacionalizaci\u00f3n, eficiencia, desarrollo de los trabajadores, sostenibilidad y reconocimiento de marca.<\/p>\n<p><strong>En todas estas \u00e1reas, la compa\u00f1\u00eda ha realizado notables avances, con profundos cambios en su organizaci\u00f3n y competencias, haci\u00e9ndose m\u00e1s innovadora y enfocada al mercado, lo que condujo a un creciente reconocimiento por parte de todas las partes interesadas. <\/strong><\/p>\n<p>En los \u00faltimos tres a\u00f1os, es posible destacar la innovaci\u00f3n y la internacionalizaci\u00f3n como los principales motores del desarrollo, que han moldeado en gran medida la organizaci\u00f3n y las operaciones actuales de la compa\u00f1\u00eda, haci\u00e9ndola m\u00e1s din\u00e1mica, \u00e1gil y resiliente, como se puede apreciar en el contexto de la pandemia reciente, que condicion\u00f3 dram\u00e1ticamente el entorno social y econ\u00f3mico, pero que a la vez constituy\u00f3 un factor acelerador de la transici\u00f3n digital y ambiental.<\/p>\n<p><strong>Anticip\u00e1ndonos y proyectando el ciclo que ahora comienza, creemos que las siete dimensiones estrat\u00e9gicas identificadas anteriormente siguen siendo v\u00e1lidas, pero su evoluci\u00f3n estar\u00e1 marcada por esta necesidad de acelerar la transici\u00f3n digital y ambiental.<\/strong><\/p>\n<p>INCM asumir\u00e1, como siempre, su papel esencial en la sociedad y su contribuci\u00f3n a la recuperaci\u00f3n del pa\u00eds, asumi\u00e9ndose como el socio clave de sus clientes y socios, en particular los servicios de la Administraci\u00f3n P\u00fablica, ya sea participando activamente en su transformaci\u00f3n digital, o ofreciendo nuevas soluciones de seguridad f\u00edsica y digital.<\/p>\n<p><strong>En base a estas dimensiones estrat\u00e9gicas, la sostenibilidad de la compa\u00f1\u00eda, guiada por el equilibrio econ\u00f3mico, ambiental y social, seguir\u00e1 siendo una apuesta por metas objetivas y plausibles, a saber, alcanzar la neutralidad en carbono en 2030, mantener una inversi\u00f3n anual de 1% de la facturaci\u00f3n en innovaci\u00f3n, mantener la asignaci\u00f3n de una cantidad similar en acciones de responsabilidad social y con una intervenci\u00f3n muy presente en la difusi\u00f3n de la lengua y la cultura portuguesas, continuar siendo una empresa de referencia en materia de igualdad de g\u00e9nero y de conciliaci\u00f3n entre la vida profesional, familiar y personal, y continuar siendo un agente activo del desarrollo econ\u00f3mico, social y cultural del pa\u00eds. <\/strong><\/p>\n<p>Estamos convencidos de que ese es el camino a seguir, para que INCM siga siendo una empresa s\u00f3lida, \u00fatil y de confianza a los ojos de las personas, empresas e instituciones, tanto en Portugal como en el mundo.<\/p>\n<p><span style=\"color: #c2aa33;\"><b>La Junta Directiva de INCM, S. A.<\/b> <\/span><\/p>\n<p>[\/et_pb_text][\/et_pb_column][\/et_pb_row][\/et_pb_section]<\/p>\n","protected":false},"excerpt":{"rendered":"<p>MENSAJE DE LA JUNTA DIRECTIVALa Imprensa Nacional-Casa da Moeda (INCM) tiene una longevidad e historia sin igual a nivel nacional, una proeza solo al alcance de empresas que tienen una gran capacidad de adaptaci\u00f3n a los constantes desaf\u00edos y transformaciones que se dan en el Pa\u00eds y en el mundo, ajustando permanentemente su estrategia y [&hellip;]<\/p>\n","protected":false},"author":1,"featured_media":7016,"parent":0,"menu_order":0,"comment_status":"closed","ping_status":"closed","template":"","meta":{"_acf_changed":false,"_et_pb_use_builder":"on","_et_pb_old_content":"","_et_gb_content_width":"","footnotes":""},"class_list":["post-15138","page","type-page","status-publish","has-post-thumbnail","hentry"],"acf":[],"_links":{"self":[{"href":"https:\/\/incm.pt\/site\/es\/wp-json\/wp\/v2\/pages\/15138","targetHints":{"allow":["GET"]}}],"collection":[{"href":"https:\/\/incm.pt\/site\/es\/wp-json\/wp\/v2\/pages"}],"about":[{"href":"https:\/\/incm.pt\/site\/es\/wp-json\/wp\/v2\/types\/page"}],"author":[{"embeddable":true,"href":"https:\/\/incm.pt\/site\/es\/wp-json\/wp\/v2\/users\/1"}],"replies":[{"embeddable":true,"href":"https:\/\/incm.pt\/site\/es\/wp-json\/wp\/v2\/comments?post=15138"}],"version-history":[{"count":1,"href":"https:\/\/incm.pt\/site\/es\/wp-json\/wp\/v2\/pages\/15138\/revisions"}],"predecessor-version":[{"id":19413,"href":"https:\/\/incm.pt\/site\/es\/wp-json\/wp\/v2\/pages\/15138\/revisions\/19413"}],"wp:featuredmedia":[{"embeddable":true,"href":"https:\/\/incm.pt\/site\/es\/wp-json\/wp\/v2\/media\/7016"}],"wp:attachment":[{"href":"https:\/\/incm.pt\/site\/es\/wp-json\/wp\/v2\/media?parent=15138"}],"curies":[{"name":"wp","href":"https:\/\/api.w.org\/{rel}","templated":true}]}}

<p>[et_pb_section fb_built=&#8221;1&#8243; custom_padding_last_edited=&#8221;on|phone&#8221; _builder_version=&#8221;4.19.0&#8243; _module_preset=&#8221;default&#8221; background_image=&#8221;https://incm.pt/site/wp-content/uploads/2022/06/Mensagem-do-Conselho-de-Administracao.png&#8221; background_position=&#8221;bottom_center&#8221; background_enable_video_mp4=&#8221;off&#8221; min_height=&#8221;550px&#8221; custom_padding=&#8221;140px||140px||false|false&#8221; custom_padding_tablet=&#8221;&#8221; custom_padding_phone=&#8221;250px||250px||false|false&#8221; box_shadow_style=&#8221;preset3&#8243; global_colors_info=&#8221;{}&#8221;][/et_pb_section][et_pb_section fb_built=&#8221;1&#8243; _builder_version=&#8221;4.16&#8243; _module_preset=&#8221;default&#8221; custom_padding=&#8221;0px||0px|||&#8221; global_colors_info=&#8221;{}&#8221;][et_pb_row _builder_version=&#8221;4.16&#8243; _module_preset=&#8221;default&#8221; width_tablet=&#8221;&#8221; width_phone=&#8221;&#8221; width_last_edited=&#8221;on|desktop&#8221; max_width=&#8221;100%&#8221; max_width_tablet=&#8221;&#8221; max_width_phone=&#8221;&#8221; max_width_last_edited=&#8221;on|desktop&#8221; global_colors_info=&#8221;{}&#8221;][et_pb_column type=&#8221;4_4&#8243; _builder_version=&#8221;4.16&#8243; _module_preset=&#8221;default&#8221; global_colors_info=&#8221;{}&#8221;][et_pb_code module_class=&#8221;breadcrumb&#8221; _builder_version=&#8221;4.17.4&#8243; _module_preset=&#8221;default&#8221; custom_margin=&#8221;||0px||false|false&#8221; custom_margin_tablet=&#8221;||0px||false|false&#8221; custom_margin_phone=&#8221;||0px||false|false&#8221; custom_margin_last_edited=&#8221;on|desktop&#8221; custom_padding=&#8221;|0px|0px|0px|false|false&#8221; custom_padding_tablet=&#8221;|0px||0px|false|false&#8221; custom_padding_phone=&#8221;|0px||0px|false|false&#8221; custom_padding_last_edited=&#8221;on|phone&#8221; global_colors_info=&#8221;{}&#8221;][/et_pb_code][et_pb_text _builder_version=&#8221;4.19.0&#8243; _module_preset=&#8221;default&#8221; header_font=&#8221;Montserrat|700|||||||&#8221; header_text_color=&#8221;#333333&#8243; header_font_size=&#8221;45px&#8221; header_letter_spacing=&#8221;5px&#8221; width_last_edited=&#8221;off|desktop&#8221; max_width=&#8221;99.4%&#8221; max_width_tablet=&#8221;&#8221; max_width_phone=&#8221;&#8221; max_width_last_edited=&#8221;on|desktop&#8221; custom_padding=&#8221;25px||5px||false|false&#8221; custom_padding_tablet=&#8221;&#8221; custom_padding_phone=&#8221;&#8221; custom_padding_last_edited=&#8221;on|desktop&#8221; animation_style=&#8221;flip&#8221; animation_direction=&#8221;bottom&#8221; header_font_size_tablet=&#8221;35px&#8221; header_font_size_phone=&#8221;25px&#8221; header_font_size_last_edited=&#8221;on|phone&#8221; header_letter_spacing_tablet=&#8221;3px&#8221; header_letter_spacing_phone=&#8221;0px&#8221; header_letter_spacing_last_edited=&#8221;on|desktop&#8221; header_line_height_tablet=&#8221;&#8221; header_line_height_phone=&#8221;1.2em&#8221; header_line_height_last_edited=&#8221;on|desktop&#8221; border_width_bottom=&#8221;5px&#8221; border_color_bottom=&#8221;#b5a216&#8243; global_colors_info=&#8221;{}&#8221;]</p>
<h1>MENSAJE DE LA JUNTA DIRECTIVA</h1>
<p>[/et_pb_text][/et_pb_column][/et_pb_row][/et_pb_section][et_pb_section fb_built=&#8221;1&#8243; _builder_version=&#8221;4.16&#8243; _module_preset=&#8221;default&#8221; custom_padding=&#8221;0px|||||&#8221; global_colors_info=&#8221;{}&#8221;][et_pb_row _builder_version=&#8221;4.16&#8243; _module_preset=&#8221;default&#8221; width_tablet=&#8221;&#8221; width_phone=&#8221;&#8221; width_last_edited=&#8221;on|desktop&#8221; max_width=&#8221;100%&#8221; max_width_tablet=&#8221;&#8221; max_width_phone=&#8221;&#8221; max_width_last_edited=&#8221;on|desktop&#8221; global_colors_info=&#8221;{}&#8221;][et_pb_column type=&#8221;4_4&#8243; _builder_version=&#8221;4.16&#8243; _module_preset=&#8221;default&#8221; global_colors_info=&#8221;{}&#8221;][et_pb_text _builder_version=&#8221;4.19.0&#8243; _module_preset=&#8221;default&#8221; text_font=&#8221;Merriweather||||||||&#8221; text_text_color=&#8221;#333333&#8243; text_font_size=&#8221;22px&#8221; text_line_height=&#8221;1.5em&#8221; link_font=&#8221;|700|||||||&#8221; link_text_color=&#8221;#c2aa33&#8243; ul_line_height=&#8221;1.7em&#8221; animation_style=&#8221;fade&#8221; text_font_size_tablet=&#8221;20px&#8221; text_font_size_phone=&#8221;18px&#8221; text_font_size_last_edited=&#8221;on|tablet&#8221; text_line_height_tablet=&#8221;&#8221; text_line_height_phone=&#8221;&#8221; text_line_height_last_edited=&#8221;on|desktop&#8221; ul_line_height_tablet=&#8221;1.7em&#8221; ul_line_height_phone=&#8221;1.7em&#8221; ul_line_height_last_edited=&#8221;on|desktop&#8221; locked=&#8221;off&#8221; global_colors_info=&#8221;{}&#8221;]</p>
<p><strong>La Imprensa Nacional-Casa da Moeda (INCM) tiene una longevidad e historia sin igual a nivel nacional, una proeza solo al alcance de empresas que tienen una gran capacidad de adaptación a los constantes desafíos y transformaciones que se dan en el País y en el mundo, ajustando permanentemente su estrategia y posicionamiento para responder rápida y eficazmente a las necesidades de sus clientes y socios. </strong></p>
<p>El marco estratégico del INCM se basa en siete lineamientos que reafirman el posicionamiento de la empresa en el mercado: foco en el cliente, innovación, internacionalización, eficiencia, desarrollo de los trabajadores, sostenibilidad y reconocimiento de marca.</p>
<p><strong>En todas estas áreas, la compañía ha realizado notables avances, con profundos cambios en su organización y competencias, haciéndose más innovadora y enfocada al mercado, lo que condujo a un creciente reconocimiento por parte de todas las partes interesadas. </strong></p>
<p>En los últimos tres años, es posible destacar la innovación y la internacionalización como los principales motores del desarrollo, que han moldeado en gran medida la organización y las operaciones actuales de la compañía, haciéndola más dinámica, ágil y resiliente, como se puede apreciar en el contexto de la pandemia reciente, que condicionó dramáticamente el entorno social y económico, pero que a la vez constituyó un factor acelerador de la transición digital y ambiental.</p>
<p><strong>Anticipándonos y proyectando el ciclo que ahora comienza, creemos que las siete dimensiones estratégicas identificadas anteriormente siguen siendo válidas, pero su evolución estará marcada por esta necesidad de acelerar la transición digital y ambiental.</strong></p>
<p>INCM asumirá, como siempre, su papel esencial en la sociedad y su contribución a la recuperación del país, asumiéndose como el socio clave de sus clientes y socios, en particular los servicios de la Administración Pública, ya sea participando activamente en su transformación digital, o ofreciendo nuevas soluciones de seguridad física y digital.</p>
<p><strong>En base a estas dimensiones estratégicas, la sostenibilidad de la compañía, guiada por el equilibrio económico, ambiental y social, seguirá siendo una apuesta por metas objetivas y plausibles, a saber, alcanzar la neutralidad en carbono en 2030, mantener una inversión anual de 1% de la facturación en innovación, mantener la asignación de una cantidad similar en acciones de responsabilidad social y con una intervención muy presente en la difusión de la lengua y la cultura portuguesas, continuar siendo una empresa de referencia en materia de igualdad de género y de conciliación entre la vida profesional, familiar y personal, y continuar siendo un agente activo del desarrollo económico, social y cultural del país. </strong></p>
<p>Estamos convencidos de que ese es el camino a seguir, para que INCM siga siendo una empresa sólida, útil y de confianza a los ojos de las personas, empresas e instituciones, tanto en Portugal como en el mundo.</p>
<p><span style="color: #c2aa33;"><b>La Junta Directiva de INCM, S. A.</b> </span></p>
<p>[/et_pb_text][/et_pb_column][/et_pb_row][/et_pb_section]</p>

<p>MENSAJE DE LA JUNTA DIRECTIVALa Imprensa Nacional-Casa da Moeda (INCM) tiene una longevidad e historia sin igual a nivel nacional, una proeza solo al alcance de empresas que tienen una gran capacidad de adaptación a los constantes desafíos y transformaciones que se dan en el País y en el mundo, ajustando permanentemente su estrategia y [&hellip;]</p>
